reatest common factor of 96 and 3621516?
12
Calculate the greatest common divisor of 11223 and 1136017.
1247
What is the highest common factor of 27704 and 584?
8
What is the highest common factor of 117 and 58552?
13
What is the highest common divisor of 34813 and 58396?
1123
What is the greatest common factor of 351 and 33423?
39
Calculate the greatest common divisor of 71425 and 2975.
25
What is the greatest common divisor of 67417 and 42?
7
What is the highest common factor of 12 and 217304?
4
Calculate the highest common divisor of 57553 and 1943.
67
Calculate the highest common divisor of 7238 and 47376.
658
What is the greatest common divisor of 134 and 261166?
134
Calculate the greatest common divisor of 692 and 81483.
173
What is the greatest common factor of 288 and 7758?
18
Calculate the highest common factor of 136 and 259964.
68
Calculate the highest common divisor of 277083 and 153.
153
Calculate the highest common divisor of 1683440 and 3520.
880
What is the highest common factor of 8250 and 1046100?
1650
Calculate the highest common factor of 6 and 4052.
2
Calculate the greatest common divisor of 1868984 and 104.
104
Calculate the highest common factor of 75477 and 556.
139
What is the greatest common divisor of 31173 and 6?
3
Calculate the greatest common factor of 155 and 2077.
31
Calculate the highest common divisor of 77 and 89353.
11
Calculate the greatest common divisor of 3 and 1417.
1
Calculate the highest common divisor of 368268 and 204.
12
Calculate the greatest common divisor of 12586 and 62.
62
Calculate the greatest common factor of 940 and 144008.
188
Calculate the highest common factor of 49295 and 25.
5
Calculate the greatest common factor of 215180 and 4930.
290
Calculate the greatest common factor of 9879 and 555.
111
What is the highest common divisor of 1017 and 13122?
9
What is the highest common divisor of 78 and 2119962?
78
What is the highest common factor of 154 and 14289814?
154
Calculate the highest common divisor of 75010 and 470.
10
What is the highest common divisor of 192 and 669?
3
What is the greatest common factor of 530 and 13303?
53
Calculate the highest common divisor of 1358 and 518.
14
What is the highest common divisor of 54 and 6399?
27
What is the highest common factor of 33837 and 69?
3
Calculate the highest common divisor of 52 and 1274.
26
What is the highest common factor of 60749 and 299?
13
What is the greatest common factor of 90349 and 7?
7
What is the highest common factor of 1085004 and 54?
18
What is the highest common divisor of 20955 and 11?
11
What is the highest common factor of 407 and 6185179?
407
Calculate the greatest common divisor of 9372 and 13596.
132
What is the greatest common factor of 44 and 15224?
44
What is the greatest common factor of 1156965 and 60?
15
What is the highest common factor of 229211 and 2641?
139
What is the highest common factor of 4153804 and 1636?
1636
Calculate the highest common factor of 24 and 224004.
12
Calculate the greatest common factor of 64161 and 9.
9
Calculate the highest common divisor of 1024 and 272.
16
What is the greatest common divisor of 18 and 18366?
6
What is the greatest common factor of 57 and 372799?
19
Calculate the greatest common factor of 19 and 578170.
19
Calculate the greatest common factor of 4686 and 284.
142
What is the greatest common factor of 2238 and 25737?
1119
Calculate the greatest common divisor of 3 and 993276.
3
What is the greatest common factor of 617208 and 24?
24
Calculate the greatest common factor of 1462860 and 86.
86
Calculate the greatest common divisor of 53 and 10706.
53
Calculate the greatest common divisor of 9273 and 24.
3
What is the highest common factor of 881 and 35?
1
What is the highest common factor of 95 and 217995?
5
What is the greatest common factor of 664 and 9821888?
664
What is the greatest common divisor of 16125 and 5805?
645
What is the highest common divisor of 1424461 and 2041?
157
Calculate the greatest common divisor of 6039 and 3111.
183
Calculate the greatest common factor of 18544 and 69008.
304
What is the highest common divisor of 690900 and 1176?
588
Calculate the greatest common factor of 187685 and 10.
5
What is the greatest common factor of 6936 and 860880?
408
What is the highest common factor of 315 and 3933?
9
Calculate the highest common divisor of 7174 and 918.
34
Calculate the highest common divisor of 1521 and 17667.
117
Calculate the greatest common divisor of 328 and 18532.
164
What is the greatest common divisor of 195 and 52785?
15
What is the highest common factor of 894108 and 36?
12
What is the highest common divisor of 3519 and 11169?
153
Calculate the greatest common factor of 1 and 20175.
1
Calculate the greatest common factor of 130 and 4010.
10
Calculate the highest common divisor of 15295 and 3197.
23
Calculate the highest common factor of 1954860 and 465.
465
Calculate the greatest common divisor of 1552925 and 275.
275
Calculate the greatest common divisor of 4476889 and 37.
37
What is the greatest common divisor of 60 and 2725630?
10
Calculate the greatest common divisor of 9706 and 3798.
422
What is the highest common factor of 702419 and 422?
211
What is the highest common divisor of 949 and 7373?
73
What is the highest common factor of 1541454 and 5970?
1194
What is the greatest common factor of 8 and 109318?
2
Calculate the greatest common divisor of 5175 and 92.
23
What is the highest common divisor of 690 and 32982?
138
Calculate the greatest common divisor of 1638 and 2576.
14
Calculate the greatest common divisor of 2160 and 5520.
240
What is the greatest common divisor of 107928 and 216?
72
Calculate the greatest common divisor of 39 and 232401.
39
What is the greatest common factor of 293 and 105773?
293
Calculate the greatest common factor of 161572 and 124.
124
Calculate the highest common divisor of 366264 and 48.
24
What is the greatest common factor of 408 and 39240?
24
Calculate the greatest common divisor of 132 and 89988.
12
What is the greatest common factor of 11315 and 2920?
365
Calculate the highest common divisor of 820 and 158670.
410
Calculate the greatest common divisor of 15433 and 7843.
253
Calculate the greatest common factor of 30032 and 7472.
16
What is the highest common factor of 677772 and 2248?
1124
What is the highest common factor of 5740 and 6580?
140
What is the highest common divisor of 1978 and 28552?
86
What is the highest common factor of 5 and 2935?
5
Calculate the greatest common divisor of 18 and 7832.
2
What is the highest common factor of 343 and 75607?
49
Calculate the greatest common divisor of 36174 and 4.
2
Calculate the greatest common divisor of 34823 and 6103.
359
What is the highest common factor of 393444 and 12?
12
Calculate the greatest common divisor of 1796476 and 22.
22
What is the greatest common factor of 83974 and 2082?
694
Calculate the greatest common factor of 93330 and 180.
90
What is the highest common factor of 1661 and 24937?
11
Calculate the highest common factor of 14195 and 1071.
17
What is the greatest common factor of 3075 and 19050?
75
Calculate the highest common divisor of 135100 and 100.
100
What is the greatest common factor of 714 and 194803?
119
What is the highest common divisor of 9920 and 120?
40
Calculate the greatest common factor of 50 and 1407450.
50
Calculate the highest common divisor of 4633 and 226.
113
What is the greatest common divisor of 52975 and 650?
325
What is the greatest common factor of 23682 and 30?
6
What is the highest common factor of 161 and 5299?
7
Calculate the highest common divisor of 4137720 and 15.
15
Calculate the highest common factor of 65494 and 17446.
286
What is the highest common factor of 737405 and 5?
5
What is the highest common factor of 14216 and 32?
8
Calculate the highest common divisor of 248523 and 561.
561
Calculate the highest common factor of 5477769 and 99.
99
Calculate the highest common factor of 174139 and 91.
7
Calculate the highest common divisor of 40005 and 9135.
315
What is the highest common factor of 7 and 627389?
7
What is the greatest common divisor of 1098 and 51789?
183
What is the highest common factor of 5516 and 196?
28
What is the highest common divisor of 3744 and 188?
4
C